x**4/6 + x**3/2 - 2*x**2. Let h(r) be the first derivative of n(r). Let c = 203 + -199. What is h(c)?
8
Let g(a) = a**3 - a**2 + a + 9. Suppose -20 = -0*m + 5*m, 0 = -2*p + 5*m + 30. Let n be (0*p/25)/(-2). Determine g(n).
9
Let y(a) be the third derivative of a**6/720 + a**5/20 + a**4/4 - 8*a**2. Let m(r) be the second derivative of y(r). What is m(-5)?
1
Let f(v) = -v**2 - 2*v - 2. Let u be f(-2). Let i(j) = j**2 + 1. Let w(g) be the first derivative of -g**2 + 3*g + 1. Let b(n) = -2*i(n) + w(n). Determine b(u).
-3
Let h(b) be the second derivative of -3/4*b**4 + 0*b**3 + 0 + 1/360*b**6 + 10*b + 0*b**2 - 1/20*b**5. Let r(p) be the third derivative of h(p). What is r(6)?
6
Let b(z) = z**2 - z + 2. Suppose 9*i = -i + 30. What is b(i)?
8
Let w(x) be the third derivative of -x**8/4032 - x**7/5040 + x**5/10 - 4*x**2. Let q(f) be the third derivative of w(f). Suppose -1 = 2*c + 1. Calculate q(c).
-4
Let z(i) be the third derivative of -i**5/60 - 7*i**4/24 - i**3/2 - i**2. Let k(q) = -2*q**2 - 33*q - 113. Let a be k(-12). What is z(a)?
7
Let c(f) = f**3 - 2*f**2 - 3*f + 3. Suppose 4*k - 2*k = -d + 7, -4*d = 4. Let u(z) = -3*z**3 + 12*z**2 + 2*z - 5. Let r be u(k). What is c(r)?
3
Let o(f) = 11*f**3 - 24*f**2 - 12*f - 2. Let d(m) = 13*m**3 - 26*m**2 - 12*m - 2. Let s(v) = 6*d(v) - 7*o(v). What is s(-11)?
-9
Let d(m) = -7*m**2 - m - 11. Suppose 10*w - 52 - 8 = 0. Let i(y) = y**2 + 1. Let l(j) = w*i(j) + d(j). What is l(-6)?
-35
Let j(x) = 42*x**2 - 20*x**2 - 23*x**2 - 6*x. Calculate j(-5).
5
Let b(h) = 2*h**3 + 39*h**2 + 18*h - 17. Let l be b(-19). Let p(n) be the second derivative of 0 + n**l + 4*n - 1/3*n**3 + 1/20*n**5 - 1/4*n**4. Determine p(4).
10
Let m(y) = -2*y + 7. Let w(o) = 3*o - 12. Let p(b) = -9*b - 56. Let u be p(-7). Let s(n) = u*m(n) + 4*w(n). What is s(-5)?
11
Let r(l) = -21*l**2 - 32*l + 48. Let y(m) = -8*m**2 - 11*m + 18. Let k(h) = -3*r(h) + 8*y(h). Let z = 7 + 0. What is k(z)?
7
Suppose 17*q = 7*q + 80. Suppose 5*v = -4*r + 12, -q*r = -3*r - v - 15. Let j(w) = -2*w**2 + w - 4. Calculate j(r).
-19
Let u = -23 + 25. Let s be -2 + u + (-1)/1. Let n(p) = -p**2 + 1. Let z(y) = -4*y**2 - 5*y. Let t(g) = s*z(g) + 2*n(g). What is t(-3)?
5
Let v(r) be the second derivative of r**6/120 + r**5/60 + r**4/24 - r**3/6 + 7*r**2/2 + 11*r. Let x(m) be the first derivative of v(m). Calculate x(-2).
-7
Let j(d) be the second derivative of -7*d**3/6 + 5*d**2 - d + 30. Calculate j(2).
-4
Let c(b) = b**2 + 26*b - 4. Let y(x) = -x**2 - 22*x + 4. Let m(w) = -5*c(w) - 6*y(w). Give m(-5).
11
Let p(y) = -4*y**2 + 14*y + 27. Let f(r) = -r**2. Let w(h) = 5*f(h) - p(h). Give w(-11).
6
Let w be 0 + 0 + 9 + -1. Let z(g) = 3 + w*g + 0 + g**2 - 4*g + 0*g. Let i = -12 + 8. Determine z(i).
3
Let l(o) = -646*o - 641*o + 7 - o**2 + 1298*o. What is l(10)?
17
Let w(z) = 43*z**3 + 171*z**2 - 44*z**3 - z - 169*z**2 + 7. Calculate w(0).
7
Let y(q) be the second derivative of q**4/6 + q**3/2 - q**2/2 + 7*q. Determine y(1).
4
Let q(f) = -f**2 + 12*f + 15. Let r be q(13). Let z(p) = 3*p**2 + 12*p - 4*p**r - 6*p. Suppose 0*s - 5*s + 25 = 0. What is z(s)?
5
Let x(j) = 5*j**3 - 2*j**2 + 2*j - 1. Let t be 8 + (-8 - -3) + 0/(-2). Suppose -20 = -3*i - i. Suppose 1 = t*w + 4*v - 2, i*v = 5*w - 5. Give x(w).
4
Let x be 61 + -64 - (-25 - 1). Let c(z) = -z**3 + 24*z**2 - 25*z + 47. Give c(x).
1
Let q(c) = -2*c**2 + 8*c - 5. Let w be (-6)/8 + (-22)/(-8). Suppose -w*f + 14 = 4. Give q(f).
-15
Let h(s) = 6*s**3 - s - 10. Let v(q) = -7*q**3 + 2*q**2 + q + 11. Let b(n) = -6*h(n) - 5*v(n). What is b(-10)?
-5
Let w(s) = 2*s**3 - 2*s**2 + s. Let k be (-4)/(-1) + 6/6. Suppose 0 = -9*i + 14*i - k. Give w(i).
1
Let q = 1 + 1. Let p(f) = -5*f + 0 - f - f**2 + q. Suppose -3*v + 3 = -3*c, -4*c = -6*v + 4*v + 8. Give p(c).
11
Let n = -1167 - -1166. Let v(s) = -23*s**2 - s - 2. Give v(n).
-24
Let d(z) = -3*z + z**2 + 6 + 0 + 0*z**2 - 5. Suppose -5*i - 27 = 3. Let b(c) = c**2 + 7*c + 8. Let u be b(i). Determine d(u).
-1
Let p be (-1)/(((-4)/2)/2). Let x = p + 10. Let q(b) = b - 1 - 13*b + x*b. What is q(-5)?
4
Let o(n) = -2*n. Let a(m) = m. Let s = -13 - -18. Let w(c) = s*o(c) + 16*a(c). Let i(d) = -d**2 + 8. Let q be i(3). Give w(q).
-6
Let p = -29 - -10. Let s = p + 15. Let i(h) = -h**3 - 8*h**2 - 4*h - 5. Let k(v) = v**3 + 9*v**2 + 4*v + 6. Let n(b) = s*k(b) - 5*i(b). Give n(-3).
-2
Let i(m) = -7*m + 1. Let o(w) = -w**3 - 2*w**2 + 8*w - 2. Let p be o(4). Let u = p + 67. Calculate i(u).
-6
Let n(z) = 2*z + 2. Suppose y - 2*h - 5 = -h, 4*y + 2*h - 2 = 0. Suppose y*m - 40 = -3*m. Let k be 1/(-3 + m/3). Determine n(k).
-4
Let i(n) = -6*n + 76. Let z be i(9). Let k(f) = -f**3 + 21*f**2 + 24*f - 38. Give k(z).
6
Let p be (5/(-50)*-8)/((-1)/20). Let f be (p/(-10))/(-1) - 15/(-25). Let s(n) = 8*n**2 - n - 1. Give s(f).
8
Suppose -r - 8 = -18. Suppose 2*q - r = -n, 2*n = 5*q + 5 - 3. Let o(l) = -l**2 + 7*l + 1. What is o(n)?
7
Let x(y) = -y**2 + 13*y + 6. Let n(d) = 4*d + 17. Let j be n(-1). Determine x(j).
6
Let t(q) = -9327*q**2 + 3*q - 5*q - q**3 - 9 + 4*q + 9335*q**2. Give t(8).
7
Let q(c) = -4*c + 9. Suppose -7 + 19 = 6*g. Suppose g*s = 9*s - 42. Calculate q(s).
-15
Let h(b) = b**3 - 5*b**2 + 2*b - 5. Let k(n) be the first derivative of -n**3/3 - 2*n**2 + 2*n + 13. Let w be k(-3). What is h(w)?
5
Let t(y) = 11*y + 6. Let d(q) be the first derivative of -6*q**2 - 7*q + 5. Let s(l) = 5*d(l) + 6*t(l). Let i = -78 + 80. What is s(i)?
13
Let s(m) be the first derivative of -1/2*m**2 - 3 - 1/3*m**3 - 5*m. Give s(0).
-5
Let l(h) = 5*h**2 - 215*h + 10. Let t be l(43). Let q(j) = -j + 16. Determine q(t).
6
Let o(a) = -a**3 + a**2 + a + 34. Let w be 2*1 + (-36)/12 - -1. Determine o(w).
34
Let z(j) be the third derivative of -j**6/120 + j**5/20 - j**4/12 - j**3/2 - 71*j**2. Calculate z(3).
-9
Let n(w) be the second derivative of w**5/20 - w**4/6 - w**3/3 + w**2/2 + 243*w. Calculate n(-2).
-11
Let o(b) = b + 1 - b**2 + 1 + 2*b. Let m(y) = -y + 6. Suppose -3*s = 2*c - 1 - 1, 3*s - c - 17 = 0. Let x be m(s). Give o(x).
4
Let c(a) be the third derivative of -a**5/60 + 5*a**4/24 - a**3/3 - 2*a**2 + 21. Determine c(4).
2
Let z be 15/10 - 154/(-4). Let v = z + -39. Let l(p) = 9*p**2 - p + 1. Give l(v).
9
Let a(q) = q**3 + 8*q**2 + 6*q - 1. Let u = -9 + 2. Let w(c) = -2*c - 5*c + 8*c. Let x be w(u). Determine a(x).
6
Let c(u) = 8*u + 52. Let s be c(-6). Let j(f) = f**3 - 3*f**2 - 2*f + 1. Determine j(s).
9
Let k(a) = -146*a - 147*a + 286*a. Determine k(1).
-7
Suppose -31*i = -33*i - 2. Let f(r) = -10*r. Calculate f(i).
10
Let j(z) = -z**3 + 5*z**2 + 7*z + 5. Let a be 0 - ((-8)/(-4) - 16). Let v be (-90)/(-14) + (-6)/a. What is j(v)?
11
Suppose -3*g - 49 = -t, 5*t + 16 = -9. Let a(x) = -x**3 - 18*x**2 + 20. What is a(g)?
20
Let g(m) = -2*m - 6. Let r(w) = 6*w + 13. Let o(x) = -7*g(x) - 3*r(x). What is o(-5)?
23
Let o(m) = -m**2 - 9*m - 11. Let v = -808 - -801. Give o(v).
3
Let t(h) = -20*h + 2*h - 3 + 21*h - 5*h**2. Calculate t(1).
-5
Let m(r) = 5*r**3 - 2*r**2 + 2*r - 1. Let u be m(1). Suppose -2*o = -2*x + u + 6, x + 2*o = 2. Suppose b = x*b. Let h(s) = -s**3 - s**2. Give h(b).
0
Let z(r) = -2 + 0*r - 7*r**2 + 4 - r + 6*r**2. Let y(d) = d**3 - d**2 - d - 2. Let q be y(2). Suppose q = 4*p + 5*h, h = -h. Give z(p).
2
Suppose 3*d + 4*i + 5 = -2, -i - 4 = 0. Suppose 5*x = -d*j + 2, 4 + 0 = 4*x + 3*j. Let r(p) = -p**3 - 3*p**2 + 2. Give r(x).
-2
Let y(k) be the third derivative of -k**5/10 + k**4/8 - k**3/2 + 243*k**2. Determine y(2).
-21
Let y(h) = -10*h + 21. Let v be y(7). Let p = v - -45. Let d(z) = -z**3 - 4*z**2 + 3*z - 5. Give d(p).
-17
Let k(q) = 4*q**2 + 5*q + 1. Let r(g) = -g**2 - g. Let o(v) = -2*k(v) - 6*r(v). Suppose 5*w - 26 = 3*p, -w = 2*p + w - 4. Calculate o(p).
-2
Let a(q) = -q**3 + 7. Let f be 1 - -10*3 - 1. Let z = -25 + f. Suppose 5*m - 10 = 5*r - z, 5*m - 5 = 4*r. What is a(r)?
7
Let a(q) = q**2 + 8*q. Let j(m) = -m - 8. Let k be j(0). Let r be a(k). Suppose 0 = 2*s - 3*o - 5, o = 1 - r. Let b(v) = v**2 - 5*v - 2. Give b(s).
-6
Let p(r) = 5*r**3 + r**2 - 7*r - 7. Let a be p(-1). Let c(w) = w**3 + 4*w**2 + 5. Calculate c(a).
5
Let j(u) = 74*u - 20*u - 17*u - 16*u - 22*u. Give j(-3).
3
Let q(f) = -f**3 - 9*f**2 - 9*f - 6. Let o be q(-8). Let j(a) = 6. Let k(y) = -y - 7. Let p(n) = -5*j(n) - 4*k(n). Wh